{"id":6,"date":"2025-05-27T21:06:03","date_gmt":"2025-05-27T19:06:03","guid":{"rendered":"http:\/\/wattsot.cluster021.hosting.ovh.net\/?page_id=6"},"modified":"2025-05-30T00:57:35","modified_gmt":"2025-05-29T22:57:35","slug":"wattson-vente","status":"publish","type":"page","link":"https:\/\/www.wattson-vente.fr\/","title":{"rendered":"Lumi\u00e8re"},"content":{"rendered":"\n<p class=\"has-vivid-purple-color has-text-color has-link-color has-large-font-size wp-elements-43e4d7eadf120d9b0241d10a7ff1a400\"><strong>WATTSON &#8211; Vente 2025<\/strong><\/p>\n\n\n\n<p><strong>Vente en cours [ Listing mis \u00e0 jour le 01 Juin 2025 ]<\/strong><\/p>\n\n\n\n<hr class=\"wp-block-separator alignwide has-alpha-channel-opacity is-style-wide\"\/>\n\n\n\n<div class=\"wp-block-group\"><div class=\"wp-block-group__inner-container is-layout-constrained wp-block-group-is-layout-constrained\">\n<div class=\"wp-block-group is-vertical is-layout-flex wp-container-core-group-is-layout-8cf370e7 wp-block-group-is-layout-flex\">\n<p class=\"has-text-align-left has-black-color has-text-color has-link-color has-medium-font-size wp-elements-b9ec0941d2543758a7dba7876423ad60\" style=\"text-transform:none\"><strong>Contact :<\/strong> Michel au 06 08 98 83 64<\/p>\n\n\n\n<p class=\"has-text-align-left has-black-color has-text-color has-link-color has-medium-font-size wp-elements-23665df03dba2d5427dde95de778ebd6\" style=\"text-transform:none\"><strong>E.Mail : <\/strong><a href=\"mailto:wattson@wanadoo.fr\" target=\"_blank\" rel=\"noreferrer noopener\">wattson@wanadoo.fr<\/a><\/p>\n<\/div>\n<\/div><\/div>\n\n\n\n<p class=\"has-black-color has-text-color has-link-color wp-elements-9ac00cf961d1ea846fe5a532228b76c6\"><\/p>\n\n\n\n<hr class=\"wp-block-separator alignwide has-alpha-channel-opacity is-style-wide\"\/>\n\n\n\n<p class=\"has-black-color has-text-color has-link-color wp-elements-9ac00cf961d1ea846fe5a532228b76c6\"><\/p>\n\n\n\n<div class=\"wp-block-group alignwide is-vertical is-content-justification-center is-layout-flex wp-container-core-group-is-layout-48c2c4f0 wp-block-group-is-layout-flex\">\n<p class=\"has-text-align-center has-large-font-size\"><strong><mark style=\"background-color:rgba(0, 0, 0, 0);color:#790fdc\" class=\"has-inline-color\">LUMIERE<\/mark><\/strong><\/p>\n\n\n\n<p class=\"has-text-align-center has-black-color has-text-color has-link-color has-medium-font-size wp-elements-469cefbeefeefe9560b661ffd840584a\"><strong><em>Prix n\u00e9gociables si achats multiples.<\/em><\/strong><\/p>\n\n\n\n<p class=\"has-cyan-bluish-gray-color has-text-color has-link-color wp-elements-39d0116b779be30ec444692e2e8ff87a\">.<\/p>\n<\/div>\n\n\n\n<hr class=\"wp-block-separator has-alpha-channel-opacity\"\/>\n\n\n\n<p class=\"has-text-align-center has-black-color has-text-color has-link-color has-medium-font-size wp-elements-abc05daaa9de772a5f9c94da4de20cec\"><strong>CONSOLES &amp; DMX<\/strong><\/p>\n\n\n\n<hr class=\"wp-block-separator has-alpha-channel-opacity\"\/>\n\n\n\n<p class=\"has-cyan-bluish-gray-color has-text-color has-link-color wp-elements-6c5da5ad5c0c7d23114e2fd94063cc6c\"><\/p>\n\n\n\n<div class=\"wp-block-columns is-layout-flex wp-container-core-columns-is-layout-9d6595d7 wp-block-columns-is-layout-flex\">\n<div class=\"wp-block-column is-layout-flow wp-block-column-is-layout-flow\" style=\"flex-basis:100%\">\n<figure class=\"wp-block-table is-style-stripes\"><table><tbody><tr><td>&nbsp;<strong><mark style=\"background-color:rgba(0, 0, 0, 0)\" class=\"has-inline-color has-vivid-purple-color\">Quantit\u00e9<\/mark><\/strong><\/td><td>&nbsp;<mark style=\"background-color:rgba(0, 0, 0, 0)\" class=\"has-inline-color has-vivid-purple-color\"><strong>D\u00e9signation<\/strong><\/mark><\/td><td><mark style=\"background-color:rgba(0, 0, 0, 0)\" class=\"has-inline-color has-vivid-purple-color\"><strong>&nbsp;Prix Unit HT<\/strong><\/mark><\/td><\/tr><tr><td>1<\/td><td>MA LIGHTING LIGHT COMMANDER<\/td><td>panne faire offre<\/td><\/tr><tr><td>1<\/td><td>AVOLITES PEARL TOUCH<\/td><td>&nbsp;500,00&nbsp;&nbsp;<\/td><\/tr><tr><td>4<\/td><td>SPLITTER<\/td><td>&nbsp;40,00&nbsp;&nbsp;<\/td><\/tr><tr><td>1<\/td><td>TELECOMMANDE DMX<\/td><td>&nbsp;200,00&nbsp;&nbsp;<\/td><\/tr><\/tbody><\/table><\/figure>\n\n\n\n<p class=\"has-cyan-bluish-gray-color has-text-color has-link-color wp-elements-74c53120f7ce13dfea8d4311655325c9\">1<\/p>\n<\/div>\n<\/div>\n\n\n\n<hr class=\"wp-block-separator has-alpha-channel-opacity\"\/>\n\n\n\n<p class=\"has-text-align-center has-black-color has-text-color has-link-color has-medium-font-size wp-elements-511bde8ba1660721295e45f92fa52403\"><strong>PROJECTEURS TRADITIONNELS &amp; CABLAGES<\/strong><\/p>\n\n\n\n<hr class=\"wp-block-separator has-alpha-channel-opacity\"\/>\n\n\n\n<div class=\"wp-block-columns are-vertically-aligned-center is-layout-flex wp-container-core-columns-is-layout-9d6595d7 wp-block-columns-is-layout-flex\">\n<div class=\"wp-block-column is-vertically-aligned-center is-layout-flow wp-block-column-is-layout-flow\" style=\"flex-basis:100%\">\n<div class=\"wp-block-group\"><div class=\"wp-block-group__inner-container is-layout-constrained wp-block-group-is-layout-constrained\">\n<figure class=\"wp-block-table is-style-stripes\"><table><tbody><tr><td><strong><mark style=\"background-color:rgba(0, 0, 0, 0)\" class=\"has-inline-color has-vivid-purple-color\">Quantit\u00e9<\/mark><\/strong><\/td><td><strong><mark style=\"background-color:rgba(0, 0, 0, 0)\" class=\"has-inline-color has-vivid-purple-color\">D\u00e9signation<\/mark><\/strong><\/td><td><strong><mark style=\"background-color:rgba(0, 0, 0, 0)\" class=\"has-inline-color has-vivid-purple-color\">Prix Unit HT<\/mark><\/strong><\/td><\/tr><tr><td>1<\/td><td>PROJECTEUR SWOBODA<\/td><td>700,00<\/td><\/tr><tr><td>1<\/td><td>VERSATILE<\/td><td>80,00<\/td><\/tr><tr><td>1<\/td><td>POURSUITE R.J FOXIE 700W MSR<\/td><td>1000,00<\/td><\/tr><tr><td>1<\/td><td>MACHINE A BROUILLARD REEL EFX DF50<\/td><td>1900,00<\/td><\/tr><tr><td>20<\/td><td>PC RJ 1KW RJ306<\/td><td>&nbsp;100,00&nbsp;&nbsp;<\/td><\/tr><tr><td>6<\/td><td>PC 2 KW RJ +VOLET +FRESNEL<\/td><td>&nbsp;160,00&nbsp;&nbsp;<\/td><\/tr><tr><td>4<\/td><td>DECOUPES RJ 613 SX<\/td><td>&nbsp;200,00&nbsp;&nbsp;<\/td><\/tr><tr><td>4<\/td><td>DECOUPES RJ 614 SX<\/td><td>&nbsp;200,00&nbsp;&nbsp;<\/td><\/tr><tr><td>4<\/td><td>DECOUPES RJ 713 SX<\/td><td>&nbsp;300,00&nbsp;&nbsp;<\/td><\/tr><tr><td>4<\/td><td>5 KW STRAND +VOLET<\/td><td>&nbsp;200,00&nbsp;&nbsp;<\/td><\/tr><tr><td>24<\/td><td>PAR 64<\/td><td>&nbsp;20,00&nbsp;&nbsp;<\/td><\/tr><tr><td>8<\/td><td>PAR 56<\/td><td>&nbsp;5,00&nbsp;&nbsp;<\/td><\/tr><tr><td>4<\/td><td>BARRES DE 4 PAR 64<\/td><td>&nbsp;60,00&nbsp;&nbsp;<\/td><\/tr><tr><td>3<\/td><td>\u00bd SERIES D&rsquo;ACL<\/td><td>&nbsp;80,00&nbsp;&nbsp;<\/td><\/tr><tr><td>12<\/td><td>PRO PAR<\/td><td>&nbsp;15,00&nbsp;&nbsp;<\/td><\/tr><tr><td>4<\/td><td>FL 1300<\/td><td>&nbsp;70,00&nbsp;&nbsp;<\/td><\/tr><tr><td>4<\/td><td>F1<\/td><td>&nbsp;10,00&nbsp;&nbsp;<\/td><\/tr><tr><td>1<\/td><td>POURSUITE KORRIGAN +PIED+FLY<\/td><td>&nbsp;1 000,00&nbsp;&nbsp;<\/td><\/tr><tr><td>17<\/td><td>QUARTZ 150W<\/td><td>&nbsp;2,00&nbsp;&nbsp;<\/td><\/tr><tr><td>20<\/td><td>QUARTZ 500W<\/td><td>&nbsp;3,00&nbsp;&nbsp;<\/td><\/tr><tr><td>4<\/td><td>QUARTZ 1000W<\/td><td>&nbsp;5,00&nbsp;&nbsp;<\/td><\/tr><tr><td>8<\/td><td>BARRES DE 2 QUARTZ 150W<\/td><td>&nbsp;4,00&nbsp;&nbsp;<\/td><\/tr><tr><td>4<\/td><td>CLAP 500W<\/td><td>&nbsp;8,00&nbsp;&nbsp;<\/td><\/tr><tr><td>2<\/td><td>CLAP 1000W<\/td><td>&nbsp;10,00&nbsp;&nbsp;<\/td><\/tr><tr><td>6<\/td><td>HORIZIODES ADB<\/td><td>&nbsp;50,00&nbsp;&nbsp;<\/td><\/tr><tr><td>2<\/td><td>HPIT 150W<\/td><td>&nbsp;10,00&nbsp;&nbsp;<\/td><\/tr><tr><td>4<\/td><td>HPIT 400W<\/td><td>&nbsp;20,00&nbsp;&nbsp;<\/td><\/tr><tr><td>10<\/td><td>DOUBLE ENVELOPPE<\/td><td>&nbsp;10,00&nbsp;&nbsp;<\/td><\/tr><tr><td>7<\/td><td>QUARTZ LED 50W<\/td><td>&nbsp;15,00&nbsp;&nbsp;<\/td><\/tr><tr><td>3<\/td><td>GUIRLANDE TRADITIONNEL 50M<\/td><td>&nbsp;200,00&nbsp;&nbsp;<\/td><\/tr><tr><td>5<\/td><td>GUIRLANDE TRADITIONNEL 10M<\/td><td>&nbsp;35,00&nbsp;&nbsp;<\/td><\/tr><tr><td>88<\/td><td>AMPOULE LED<\/td><td>&nbsp;2,00&nbsp;&nbsp;<\/td><\/tr><tr><td>70<\/td><td>AMPOULE BLANCHE<\/td><td>&nbsp;0,80&nbsp;&nbsp;<\/td><\/tr><tr><td>240<\/td><td>AMPOULE TRANSPARENTE<\/td><td>&nbsp;0,80&nbsp;&nbsp;<\/td><\/tr><tr><td>15<\/td><td>AMPOULE COULEUR<\/td><td>&nbsp;0,80&nbsp;&nbsp;<\/td><\/tr><\/tbody><\/table><\/figure>\n<\/div><\/div>\n\n\n\n<p class=\"has-cyan-bluish-gray-color has-text-color has-link-color wp-elements-39d0116b779be30ec444692e2e8ff87a\">.<\/p>\n\n\n\n<hr class=\"wp-block-separator has-alpha-channel-opacity\"\/>\n\n\n\n<p class=\"has-text-align-center has-black-color has-text-color has-link-color has-medium-font-size wp-elements-334328962d5cd8deb38401b77ae11da6\"><strong>PROJECTEURS ASSERVIS &amp; Leds<\/strong><\/p>\n\n\n\n<hr class=\"wp-block-separator has-alpha-channel-opacity\"\/>\n\n\n\n<p><\/p>\n\n\n\n<figure class=\"wp-block-table is-style-stripes\"><table><tbody><tr><td class=\"has-text-align-left\" data-align=\"left\"><strong><mark style=\"background-color:rgba(0, 0, 0, 0)\" class=\"has-inline-color has-vivid-purple-color\">Quantit\u00e9<\/mark><\/strong><\/td><td><mark style=\"background-color:rgba(0, 0, 0, 0)\" class=\"has-inline-color has-vivid-purple-color\"><strong>D\u00e9signation<\/strong><\/mark><\/td><td><mark style=\"background-color:rgba(0, 0, 0, 0)\" class=\"has-inline-color has-vivid-purple-color\"><strong>Prix Unit HT<\/strong><\/mark><\/td><\/tr><tr><td class=\"has-text-align-left\" data-align=\"left\">31<\/td><td>MINI PAR LED 7X8 RGB+A<\/td><td>&nbsp;25,00&nbsp;&nbsp;<\/td><\/tr><tr><td class=\"has-text-align-left\" data-align=\"left\">5<\/td><td>PAR LED 18X7 RGB+W OPTIQUAD<\/td><td>&nbsp;50,00&nbsp;&nbsp;<\/td><\/tr><tr><td class=\"has-text-align-left\" data-align=\"left\">9<\/td><td>CHROMA Q RGB+W+A<\/td><td>&nbsp;100,00&nbsp;&nbsp;<\/td><\/tr><tr><td class=\"has-text-align-left\" data-align=\"left\">8<\/td><td>SERVOCOLOR 600<\/td><td>&nbsp;100,00&nbsp;&nbsp;<\/td><\/tr><tr><td class=\"has-text-align-left\" data-align=\"left\">6<\/td><td>LYRES 575 SPOT<\/td><td>&nbsp;100,00&nbsp;&nbsp;<\/td><\/tr><tr><td class=\"has-text-align-left\" data-align=\"left\">4<\/td><td>MULTIPAR SUR LYRES<\/td><td>&nbsp;80,00&nbsp;&nbsp;<\/td><\/tr><tr><td class=\"has-text-align-left\" data-align=\"left\">2<\/td><td>STROBOSCOPE 1500 JOULES<\/td><td>&nbsp;50,00&nbsp;&nbsp;<\/td><\/tr><tr><td class=\"has-text-align-left\" data-align=\"left\">8<\/td><td>SUNSTRIP<\/td><td>&nbsp;50,00&nbsp;&nbsp;<\/td><\/tr><tr><td class=\"has-text-align-left\" data-align=\"left\">14<\/td><td>PAR LED 18X8RGB+W<\/td><td>50,00<\/td><\/tr><\/tbody><\/table><\/figure>\n<\/div>\n<\/div>\n\n\n\n<p class=\"has-cyan-bluish-gray-color has-text-color has-link-color wp-elements-74c53120f7ce13dfea8d4311655325c9\">1<\/p>\n\n\n\n<hr class=\"wp-block-separator has-alpha-channel-opacity\"\/>\n\n\n\n<p class=\"has-text-align-center has-black-color has-text-color has-link-color has-medium-font-size wp-elements-eb45a7a31dc018c5068be272d42af443\"><strong>GRADATEURS<\/strong><\/p>\n\n\n\n<hr class=\"wp-block-separator has-alpha-channel-opacity\"\/>\n\n\n\n<figure class=\"wp-block-table is-style-stripes\"><table><tbody><tr><td>&nbsp;<strong><mark style=\"background-color:rgba(0, 0, 0, 0)\" class=\"has-inline-color has-vivid-purple-color\">Quantit\u00e9<\/mark><\/strong><\/td><td><strong><mark style=\"background-color:rgba(0, 0, 0, 0)\" class=\"has-inline-color has-vivid-purple-color\">D\u00e9signation<\/mark><\/strong><\/td><td><strong><mark style=\"background-color:rgba(0, 0, 0, 0)\" class=\"has-inline-color has-vivid-purple-color\">&nbsp;Prix Unit HT<\/mark><\/strong><\/td><\/tr><tr><td>4<\/td><td>BLOC RVE 6 X 3 KW<\/td><td>&nbsp;350,00&nbsp;&nbsp;<\/td><\/tr><tr><td>3<\/td><td>BLOC RVE 6 X 2,3 KW<\/td><td>&nbsp;300,00&nbsp;&nbsp;<\/td><\/tr><tr><td>2<\/td><td>BLOC RVE 12 X 2,3 KW<\/td><td>&nbsp;400,00&nbsp;&nbsp;<\/td><\/tr><tr><td>2<\/td><td>BLOC ADB 3 X 5 KW<\/td><td>&nbsp;300,00&nbsp;&nbsp;<\/td><\/tr><\/tbody><\/table><\/figure>\n\n\n\n<p class=\"has-cyan-bluish-gray-color has-text-color has-link-color has-small-font-size wp-elements-cad92f7b4adc03d62bc96d189b87b7aa\">4<\/p>\n\n\n\n<hr class=\"wp-block-separator has-alpha-channel-opacity\"\/>\n\n\n\n<p class=\"has-text-align-center has-medium-font-size\"><strong><mark style=\"background-color:rgba(0, 0, 0, 0)\" class=\"has-inline-color has-black-color\">MULTIPAIRES LUMIERES<\/mark><\/strong><\/p>\n\n\n\n<hr class=\"wp-block-separator has-alpha-channel-opacity\"\/>\n\n\n\n<figure class=\"wp-block-table is-style-stripes\"><table><tbody><tr><td>&nbsp;<strong><mark style=\"background-color:rgba(0, 0, 0, 0)\" class=\"has-inline-color has-vivid-purple-color\">Quantit\u00e9<\/mark><\/strong><\/td><td><strong><mark style=\"background-color:rgba(0, 0, 0, 0)\" class=\"has-inline-color has-vivid-purple-color\">D\u00e9signation<\/mark><\/strong><\/td><td>&nbsp;<strong><mark style=\"background-color:rgba(0, 0, 0, 0)\" class=\"has-inline-color has-vivid-purple-color\">Prix Unit HT<\/mark><\/strong><\/td><\/tr><tr><td>6<\/td><td>BOITIER DE 8<\/td><td>&nbsp;100,00&nbsp;&nbsp;<\/td><\/tr><tr><td>2<\/td><td>BOITIER DE 8 SOL<\/td><td>&nbsp;100,00&nbsp;&nbsp;<\/td><\/tr><tr><td>2<\/td><td>BOITIER DE 6<\/td><td>&nbsp;80,00&nbsp;&nbsp;<\/td><\/tr><tr><td>13<\/td><td>ECLATE 18 paires2,5 carr\u00e9<\/td><td>&nbsp;80,00&nbsp;&nbsp;<\/td><\/tr><tr><td>1<\/td><td>MULTIPAIRES 3M<\/td><td>&nbsp;80,00&nbsp;&nbsp;<\/td><\/tr><tr><td>7<\/td><td>MULTIPAIRES 10M<\/td><td>100,00<\/td><\/tr><tr><td>7<\/td><td>MULTIPAIRES 15M<\/td><td>140,00<\/td><\/tr><tr><td>3<\/td><td>MULTIPAIRES 20M<\/td><td>&nbsp;160,00&nbsp;&nbsp;<\/td><\/tr><tr><td><\/td><td>&nbsp; &nbsp; &nbsp; &nbsp; &nbsp; &nbsp;<\/td><td><\/td><\/tr><\/tbody><\/table><\/figure>\n\n\n\n<p class=\"has-cyan-bluish-gray-color has-text-color has-link-color has-small-font-size wp-elements-18289ca53a2aea88f1d48b5bf07ba03b\">7<\/p>\n\n\n\n<hr class=\"wp-block-separator has-alpha-channel-opacity\"\/>\n\n\n\n<p class=\"has-text-align-center has-black-color has-text-color has-link-color has-medium-font-size wp-elements-c0e3764c135058db3bc53f8bc46bb0e0\"><strong>CABLAGE 16Amp<\/strong><\/p>\n\n\n\n<hr class=\"wp-block-separator has-alpha-channel-opacity\"\/>\n\n\n\n<figure class=\"wp-block-table is-style-stripes\"><table><tbody><tr><td><strong><mark style=\"background-color:rgba(0, 0, 0, 0)\" class=\"has-inline-color has-vivid-purple-color\">Quantit\u00e9<\/mark><\/strong><\/td><td><strong><mark style=\"background-color:rgba(0, 0, 0, 0)\" class=\"has-inline-color has-vivid-purple-color\">D\u00e9signation<\/mark><\/strong><\/td><td><strong><mark style=\"background-color:rgba(0, 0, 0, 0)\" class=\"has-inline-color has-vivid-purple-color\">Prix Unit HT<\/mark><\/strong><\/td><\/tr><tr><td>25<\/td><td>1,5 M<\/td><td>&nbsp;9,50&nbsp;&nbsp;<\/td><\/tr><tr><td>34<\/td><td>3 M<\/td><td>&nbsp;11,50&nbsp;&nbsp;<\/td><\/tr><tr><td>57<\/td><td>5 M<\/td><td>&nbsp;12,50&nbsp;&nbsp;<\/td><\/tr><tr><td>27<\/td><td>10 M<\/td><td>&nbsp;14,74&nbsp;&nbsp;<\/td><\/tr><tr><td>13<\/td><td>15 M<\/td><td>&nbsp;17,75&nbsp;&nbsp;<\/td><\/tr><tr><td>11<\/td><td>20 M<\/td><td>&nbsp;20,75&nbsp;&nbsp;<\/td><\/tr><tr><td>4<\/td><td>25 M<\/td><td>&nbsp;23,50&nbsp;&nbsp;<\/td><\/tr><tr><td>1<\/td><td>50 M<\/td><td>&nbsp;50,00&nbsp;&nbsp;<\/td><\/tr><tr><td>1<\/td><td>BARQUETTE + 1,5 M<\/td><td>&nbsp;15,00&nbsp;&nbsp;<\/td><\/tr><tr><td>10<\/td><td>BARQUETTE + 5 M<\/td><td>&nbsp;17,00&nbsp;&nbsp;<\/td><\/tr><tr><td>4<\/td><td>BARQUETTE + 10 M<\/td><td>&nbsp;20,00&nbsp;&nbsp;<\/td><\/tr><tr><td>36<\/td><td>BLOC 4 PRISES FILAIRE<\/td><td>&nbsp;2,00&nbsp;&nbsp;<\/td><\/tr><tr><td>60<\/td><td>BLOC 3 PRISES<\/td><td>&nbsp;2,00&nbsp;&nbsp;<\/td><\/tr><tr><td>7<\/td><td>BRETELLE SERIES FILAIRE<\/td><td>&nbsp;1,00&nbsp;&nbsp;<\/td><\/tr><tr><td>3<\/td><td>BRETELLE SERIES BLOC<\/td><td>?<\/td><\/tr><tr><td>3<\/td><td>BOUCHON SERIES<\/td><td>?<\/td><\/tr><\/tbody><\/table><\/figure>\n\n\n\n<p class=\"has-cyan-bluish-gray-color has-text-color has-link-color has-small-font-size wp-elements-ac215e6adaea867b756c1e0cf656fb29\">8<\/p>\n\n\n\n<hr class=\"wp-block-separator has-alpha-channel-opacity\"\/>\n\n\n\n<p class=\"has-text-align-center has-black-color has-text-color has-link-color has-medium-font-size wp-elements-e517b638db23caac6624825abc689821\"><strong>CABLAGE DMX<\/strong><\/p>\n\n\n\n<hr class=\"wp-block-separator has-alpha-channel-opacity\"\/>\n\n\n\n<figure class=\"wp-block-table is-style-stripes\"><table><tbody><tr><td><strong><mark style=\"background-color:rgba(0, 0, 0, 0)\" class=\"has-inline-color has-vivid-purple-color\">Quantit\u00e9<\/mark><\/strong><\/td><td><strong><mark style=\"background-color:rgba(0, 0, 0, 0)\" class=\"has-inline-color has-vivid-purple-color\">D\u00e9signation<\/mark><\/strong><\/td><td><strong><mark style=\"background-color:rgba(0, 0, 0, 0)\" class=\"has-inline-color has-vivid-purple-color\">Prix Unit HT<\/mark><\/strong><\/td><\/tr><tr><td>20<\/td><td>3 POINTS&nbsp;&nbsp;&nbsp;&nbsp;&nbsp;&nbsp;&nbsp;&nbsp;&nbsp;&nbsp; 0,80 M<\/td><td>&nbsp;6,00&nbsp;&nbsp;<\/td><\/tr><tr><td>23<\/td><td>3 M<\/td><td>&nbsp;7,00&nbsp;&nbsp;<\/td><\/tr><tr><td>23<\/td><td>5 M<\/td><td>&nbsp;8,00&nbsp;&nbsp;<\/td><\/tr><tr><td>13<\/td><td>10 M<\/td><td>&nbsp;10,00&nbsp;&nbsp;<\/td><\/tr><tr><td>8<\/td><td>20 M<\/td><td>&nbsp;14,00&nbsp;&nbsp;<\/td><\/tr><tr><td>7<\/td><td>5 POINTS&nbsp;&nbsp;&nbsp;&nbsp;&nbsp;&nbsp;&nbsp;&nbsp;&nbsp;&nbsp;&nbsp; 1,5 M<\/td><td>&nbsp;10,00&nbsp;&nbsp;<\/td><\/tr><tr><td>13<\/td><td>3 M<\/td><td>&nbsp;12,00&nbsp;&nbsp;<\/td><\/tr><tr><td>15<\/td><td>5 M<\/td><td>&nbsp;14,00&nbsp;&nbsp;<\/td><\/tr><tr><td>10<\/td><td>10 M<\/td><td>&nbsp;17,00&nbsp;&nbsp;<\/td><\/tr><tr><td>15<\/td><td>15 M<\/td><td>&nbsp;20,00&nbsp;&nbsp;<\/td><\/tr><tr><td>3<\/td><td>25 M<\/td><td>&nbsp;35,00&nbsp;&nbsp;<\/td><\/tr><tr><td>3<\/td><td>50 M<\/td><td>&nbsp;40,00&nbsp;&nbsp;<\/td><\/tr><tr><td>5<\/td><td>TOURET 50 M<\/td><td>&nbsp;50,00&nbsp;&nbsp;<\/td><\/tr><tr><td>3<\/td><td>TOURET 100 M<\/td><td>&nbsp;70,00&nbsp;&nbsp;<\/td><\/tr><tr><td>1<\/td><td>2 PAIRES 100 M<\/td><td>&nbsp;100,00&nbsp;&nbsp;<\/td><\/tr><tr><td>1<\/td><td>SNAKE 50 M<\/td><td>&nbsp;100,00&nbsp;&nbsp;<\/td><\/tr><tr><td>1<\/td><td>SNAKE 100 M<\/td><td>&nbsp;130,00&nbsp;&nbsp;<\/td><\/tr><\/tbody><\/table><\/figure>\n\n\n\n<p><\/p>\n","protected":false},"excerpt":{"rendered":"<p>WATTSON &#8211; Vente 2025 Vente en cours [ Listing mis \u00e0 jour le 01 Juin 2025 ] Contact : Michel au 06 08 98 83 64 E.Mail : wattson@wanadoo.fr LUMIERE Prix n\u00e9gociables si achats multiples. . CONSOLES &amp; DMX &nbsp;Quantit\u00e9 &nbsp;D\u00e9signation &nbsp;Prix Unit HT 1 MA LIGHTING LIGHT COMMANDER panne faire offre 1 AVOLITES PEARL [&hellip;]<\/p>\n","protected":false},"author":1,"featured_media":0,"parent":0,"menu_order":0,"comment_status":"closed","ping_status":"closed","template":"","meta":{"footnotes":""},"class_list":["post-6","page","type-page","status-publish","hentry"],"_links":{"self":[{"href":"https:\/\/www.wattson-vente.fr\/index.php\/wp-json\/wp\/v2\/pages\/6","targetHints":{"allow":["GET"]}}],"collection":[{"href":"https:\/\/www.wattson-vente.fr\/index.php\/wp-json\/wp\/v2\/pages"}],"about":[{"href":"https:\/\/www.wattson-vente.fr\/index.php\/wp-json\/wp\/v2\/types\/page"}],"author":[{"embeddable":true,"href":"https:\/\/www.wattson-vente.fr\/index.php\/wp-json\/wp\/v2\/users\/1"}],"replies":[{"embeddable":true,"href":"https:\/\/www.wattson-vente.fr\/index.php\/wp-json\/wp\/v2\/comments?post=6"}],"version-history":[{"count":43,"href":"https:\/\/www.wattson-vente.fr\/index.php\/wp-json\/wp\/v2\/pages\/6\/revisions"}],"predecessor-version":[{"id":119,"href":"https:\/\/www.wattson-vente.fr\/index.php\/wp-json\/wp\/v2\/pages\/6\/revisions\/119"}],"wp:attachment":[{"href":"https:\/\/www.wattson-vente.fr\/index.php\/wp-json\/wp\/v2\/media?parent=6"}],"curies":[{"name":"wp","href":"https:\/\/api.w.org\/{rel}","templated":true}]}}